{"id":49,"date":"2025-05-16T00:19:00","date_gmt":"2025-05-16T00:19:00","guid":{"rendered":"https:\/\/smilejump.com.mx\/dentales\/home\/"},"modified":"2025-05-26T20:37:35","modified_gmt":"2025-05-26T20:37:35","slug":"home","status":"publish","type":"page","link":"https:\/\/smilejump.com.mx\/dentales\/","title":{"rendered":"Inicio"},"content":{"rendered":"\n\n\n\n\n\n\n\n\n\n\n\n\n\n\n\n\n\n\n\n\n<h4 style=\"color: rgb(219, 18, 123);\">Bienvenido a Smile Jump<\/h4>\n<h2 style=\"color: rgb(14, 77, 155);\">Recibe una atenci\u00f3n c\u00e1lida y&nbsp; sal con una hermosa sonrisa<\/h2>\n<p align=\"justify\">Somos un equipo de Profesionales de la Odontolog\u00eda capacitados en cada \u00e1rea con el objetivo de brindarte est\u00e9tica y funcionalidad.<\/p><p><br><\/p><p align=\"justify\">No importa de qu\u00e9 parte del mundo nos visites, estamos listos para satisfacer tus necesidades con experiencia y tecnolog\u00eda en la Ciudad de M\u00e9xico.&nbsp;<strong>&nbsp;<\/strong><\/p>\n\n\n\n\n\n\n\n<h2 style=\"color: rgb(220, 18, 123);\">\u00a1cuidamos de tu salud dental!<\/h2>\n<p>As\u00ed podr\u00e1s mantener saludables tus dientes y enc\u00edas. Al ir a tu visita regular al odont\u00f3logo primero te revisar\u00e1 o examinar\u00e1 toda la boca.<\/p>\n<p>Para mantener los dientes sanos, es importante eliminar la placa dental, una capa pegajosa y sin color compuesta por bacterias.&nbsp;<\/p>\n<p>Cepillarse adecuadamente los dientes con pasta dental durante dos minutos, tres veces al d\u00eda.<\/p>\n\n\n\n\n<h2>nuestros servicios<\/h2>\n\n\n<p><span>Es un procedimiento que aclara los dientes que est\u00e1n manchados, decolorados o que&nbsp; se han oscurecido por un golpe<\/span><\/p>\n\n\n<p><span>Son unas tapas delgadas de porcelana hechas a la medida que cubren la parte de enfrente de los dientes.<\/span><\/p>\n\n\n<p>Tambi\u00e9n llamada extracci\u00f3n de pieza dental, es un procedimiento quir\u00fargico para sacar una o m\u00e1s muelas del juicio.<\/p>\n\n\n\n\n<p>Sirve para conservar las piezas dentales, sin necesidad de recurrir a la extracci\u00f3n del diente<\/p>\n\n\n<p>Un implante dental es un perno met\u00e1lico que reemplaza la parte de la ra\u00edz de un diente faltante.<\/p>\n\n\n<p>Visita todos nuestros servicios, estaremos encantados de proporcionarte la mejor atenci\u00f3n de la zona<\/p>\n\n\n\n\n\n\n\n\n<h2 style=\"color: rgb(220, 18, 123);\">\u00bfPor qu\u00e9 elegirnos?<\/h2>\n<p align=\"justify\">Todos nuestros tratamientos y servicios se brindan en c\u00f3modas instalaciones con los m\u00e1s altos est\u00e1ndares de calidad.<\/p>\n\n\n\n\n\n\n<p align=\"justify\">Mantenemos relaciones duraderas y de confianza con nuestros pacientes, estableciendo un trato cercano con ellos.<\/p>\n<p align=\"justify\">Ofrecemos un tratamiento integral a medida, personalizado a cada paciente y sus expectativas.<\/p>\n<p>En Smile Jump disponemos de los avances tecnol\u00f3gicos mas modernos para poder ofrecerte el mejor servicio.<\/p>\n\n\n<p align=\"justify\">Es vital que entiendas lo que te sucede para que nos dejes tratarlo y ayudarte a prevenir que te pueda volver a suceder<\/p>\n<p align=\"justify\">Contamos con un excelente equipo de profesionales, reconocidos expertos de la salud bucodental<\/p>\n<p align=\"justify\">La calidad se aprecia en los peque\u00f1os detalles, por ello volcamos nuestra dedicaci\u00f3n en todo lo que hacemos, tratando de mejorar d\u00eda a d\u00eda en nuestro servicio.<\/p>\n\n\n\n\n\n\n\n\n<h2 style=\"color: rgb(220, 18, 123);\">reservar una cita<\/h2>\n\n\n\n\n\n\n\n\n\n<h4>Consulta con nuestros expertos y consigue una cita r\u00e1pida<\/h4>\n\n\n\n<h4>Horarios<\/h4>\n\n\n\n\n\n\n\n\n\n\n\n\n\n\n\n\n\n\n\n\n\n\n\n\n\n\n\n\n\n\n\n\n\n<h6 style=\"color: rgb(14, 77, 155);\">Lo que dicen nuestros clientes<\/h6>\n<h2 style=\"color: rgb(220, 18, 123);\">testimonios<\/h2>\n\n\n<p>Es dif\u00edcil expresar en pocas palabras mi agradecimiento y satisfacci\u00f3n por el servicio y el trato recibido a lo largo de todo el proceso.<\/p>\n\n\n<p>Muy satisfecho con el servicio y profesionalismo de Smile Jump, por lo que los recomiendo ampliamente<\/p>\n\n\n<p><span>&nbsp;<\/span>Si tuviese que elegir una sola palabra para definir el trabajo de la Dra. Carrillo&nbsp; esa ser\u00eda: \u00abIMPECABLE\u00bb<\/p>\n\n\n\n\n","protected":false},"excerpt":{"rendered":"","protected":false},"author":1,"featured_media":0,"parent":0,"menu_order":0,"comment_status":"closed","ping_status":"closed","template":"","meta":{"pagelayer_contact_templates":{"cyn3995":{"cont_subject":"Appointment Form","cont_header":"$name,$service,$phone,$staff,$available","cont_use_html":"true"}},"_pagelayer_content":"","footnotes":""},"class_list":["post-49","page","type-page","status-publish","hentry"],"_links":{"self":[{"href":"https:\/\/smilejump.com.mx\/dentales\/wp-json\/wp\/v2\/pages\/49","targetHints":{"allow":["GET"]}}],"collection":[{"href":"https:\/\/smilejump.com.mx\/dentales\/wp-json\/wp\/v2\/pages"}],"about":[{"href":"https:\/\/smilejump.com.mx\/dentales\/wp-json\/wp\/v2\/types\/page"}],"author":[{"embeddable":true,"href":"https:\/\/smilejump.com.mx\/dentales\/wp-json\/wp\/v2\/users\/1"}],"replies":[{"embeddable":true,"href":"https:\/\/smilejump.com.mx\/dentales\/wp-json\/wp\/v2\/comments?post=49"}],"version-history":[{"count":76,"href":"https:\/\/smilejump.com.mx\/dentales\/wp-json\/wp\/v2\/pages\/49\/revisions"}],"predecessor-version":[{"id":359,"href":"https:\/\/smilejump.com.mx\/dentales\/wp-json\/wp\/v2\/pages\/49\/revisions\/359"}],"wp:attachment":[{"href":"https:\/\/smilejump.com.mx\/dentales\/wp-json\/wp\/v2\/media?parent=49"}],"curies":[{"name":"wp","href":"https:\/\/api.w.org\/{rel}","templated":true}]}}